 2, what is -101 + 11011100101000111010001?
11011100101000111001100
In base 6, what is -1100501 - -40?
-1100421
In base 16, what is -38c6a + -2a?
-38c94
In base 12, what is 2746 - 665b0?
-63a66
In base 7, what is -1 - -152034?
152033
In base 10, what is -5 + -9964412?
-9964417
In base 10, what is -28176225 - -5?
-28176220
In base 5, what is -2 - -410424243?
410424241
In base 3, what is -12101021201 - -20122?
-12101001002
In base 10, what is 6612 + 1667?
8279
In base 9, what is -482160 + 42?
-482117
In base 14, what is b289065 + -3?
b289062
In base 16, what is 1e6 + -36336?
-36150
In base 12, what is 49286787 + 3?
4928678a
In base 6, what is -4 - -110015033?
110015025
In base 7, what is 25 + -53206003?
-53205645
In base 9, what is -6 - 5527800?
-5527806
In base 2, what is 1110 + 1011101101001010000111?
1011101101001010010101
In base 9, what is -114 + 53231?
53116
In base 9, what is -3627 - -2837?
-680
In base 5, what is -4 - 1023310021431?
-1023310021440
In base 3, what is 20 + 11002222001211112?
11002222001211202
In base 7, what is 104 + 1202224?
1202331
In base 10, what is 5 + -9774274?
-9774269
In base 13, what is -2 - 5157?
-5159
In base 13, what is 75356 + -33?
75323
In base 2, what is -1001000000100 + 111110100101010?
110101100100110
In base 6, what is 11 - 3340122?
-3340111
In base 13, what is 31 + -60a751?
-60a720
In base 6, what is -302 + 22020551?
22020245
In base 5, what is 4124103 + 4?
4124112
In base 10, what is -13860707 - -4?
-13860703
In base 4, what is -300003003 - 131?
-300003200
In base 5, what is 203323431 - 1?
203323430
In base 4, what is -10303 - -1011133020?
1011122111
In base 14, what is 11a4 - 5c7?
9bb
In base 9, what is 418 - 272088?
-271570
In base 3, what is 100010211020 + 10?
100010211100
In base 11, what is -23 + -337592?
-337605
In base 6, what is -102135 + -134?
-102313
In base 4, what is 32030 - -230031311?
230130001
In base 2, what is 111010 - 101100101100000100?
-101100101011001010
In base 4, what is 1111 - 121333321323?
-121333320212
In base 8, what is -3112075 + 104?
-3111771
In base 12, what is a8 + 193b2?
1949a
In base 7, what is 4 - 155140000?
-155136663
In base 9, what is -11 + -5783001?
-5783012
In base 16, what is 2bee322 + 4?
2bee326
In base 11, what is -17 - 46a9423?
-46a943a
In base 9, what is -12115146 + 0?
-12115146
In base 3, what is -100102202220101 - -11?
-100102202220020
In base 16, what is 12b + 7f05?
8030
In base 10, what is -2008455 - 176?
-2008631
In base 3, what is -2111 - 2121011002001?
-2121011011112
In base 8, what is 140672306 + -4?
140672302
In base 5, what is -13423222 + 20303?
-13402414
In base 2, what is -11100 - 11010110101110110111?
-11010110101111010011
In base 6, what is 4325 + 54414?
103143
In base 14, what is -64234408 - 4?
-6423440c
In base 2, what is -101111000100 - -101000010110010?
100010011101110
In base 4, what is -132210 - 2102000?
-2300210
In base 5, what is 131212240232 + 0?
131212240232
In base 5, what is 111 + 3000120?
3000231
In base 16, what is 5 - 14aaa1a?
-14aaa15
In base 16, what is 3aeb - -3a1?
3e8c
In base 12, what is 18 - -62648a?
6264a6
In base 7, what is -101561 + 2440?
-66121
In base 10, what is 45372398 - -5?
45372403
In base 10, what is 207199 - 22?
207177
In base 5, what is -2114244141 + 10?
-2114244131
In base 13, what is -7 - 501255?
-50125c
In base 12, what is -29830 - 0?
-29830
In base 9, what is -11 - -61386220?
61386208
In base 2, what is -11001100010 - 0?
-11001100010
In base 5, what is 42 + -11300334321?
-11300334224
In base 3, what is -111122022 - -11122212211?
11011020112
In base 11, what is 141 + -683aa?
-68269
In base 16, what is -15b - 56d0?
-582b
In base 7, what is -2660263560 + -5?
-2660263565
In base 10, what is 20569912 - -13?
20569925
In base 11, what is -429214 + -225?
-429439
In base 14, what is -1450c63 + -2?
-1450c65
In base 7, what is 45405506 - 4?
45405502
In base 2, what is 110100111001011111 + 10101000?
110100111100000111
In base 3, what is 10 + 100110001012120?
100110001012200
In base 4, what is -2 + 1323203013?
1323203011
In base 8, what is -11 + 22012606?
22012575
In base 4, what is -1012232 - 303033?
-1321331
In base 8, what is 46010 - -1267?
47277
In base 14, what is c5b6d5 + 2?
c5b6d7
In base 15, what is 179635 + -4?
179631
In base 3, what is 2221011002100111 - 12?
2221011002100022
In base 15, what is 25ca + -260?
236a
In base 7, what is 535 - 11344255?
-11343420
In base 12, what is 52 + aa04aa?
aa0540
In base 13, what is -16612 + -89?
-1669b
In base 7, what is -3355255 - 330?
-3355615
In base 14, what is 719 + 1243?
195c
In base 16, what is 4c16b4 + 7?
4c16bb
In base 10, what is 5 + 16119972?
16119977
In base 8, what is -7312 + -421523?
-431035
In base 7, what is -5 - 4361504540?
-4361504545
In base 4, what is -2312321 - 22031?
-3001012
In base 5, what is -432231104 - 13013?
-432244122
In base 11, what is 5 - 1480176a?
-14801765
In base 9, what is -11823 - 405?
-12328
In base 2, what is -1001 - -1000010011111100110101010?
1000010011111100110100001
In base 7, what is -4231146 - 56?
-4231235
In base 15, what is -c47db2 - 2?
-c47db4
In base 5, what is -23431 + 113000?
34014
In base 3, what is 112022 - 10122221110?
-10122102011
In base 14, what is -208 - -64b8?
62b0
In base 7, what is -2302565 + 240?
-2302325
In base 14, what is 3 + -17107d?
-17107a
In base 9, what is -1318086813 - 2?
-1318086815
In base 5, what is 10 + -44332111330?
-44332111320
In base 6, what is -10302211 - -143?
-10302024
In base 12, what is 18146aa23 + 3?
18146aa26
In base 10, what is 689 + -360574?
-359885
In base 8, what is -157432676 - 5?
-157432703
In base 2, what is -100010110 + -1110100110001?
-1111001000111
In base 16, what is -2 + -a8d1?
-a8d3
In base 4, what is -301301332 - 321?
-301302313
In base 8, what is -45606 + -30133?
-75741
In base 2, what is 101010001 - 1100110100111011?
-1100101111101010
In base 12, what is 12692a + 33?
126961
In base 14, what is -287d990 + 5?
-287d989
In base 10, what is 70403 - 26922?
43481
In base 11, what is 24 - -9a048?
9a071
In base 7, what is 15 + -30435460?
-30435442
In base 6, what is -315 - 1302214?
-1302533
In base 11, what is 157 - -288039?
288195
In base 7, what is 22 - 10604114?
-10604062
In base 9, what is 360781607 - -4?
360781612
In base 10, what is -14393 + 337?
-14056
In base 3, what is -1 - 10002210201100211?
-10002210201100212
In base 5, what is 3 - -1010144344?
1010144402
In base 5, what is 4200 + -302343301?
-302334101
In base 8, what is -20 + -24307551?
-24307571
In base 5, what is -4 - 1333224011113?
-1333224011122
In base 14, what is 11 - -7cd18?
7cd29
In base 13, what is -172b8287 + -1?
-172b8288
In base 5, what is -3322214 - -4104?
-3313110
In base 7, what is -10013 - -25241?
15225
In base 15, what is 8c20b + -13?
8c1e8
In base 5, what is -1204 - 1423?
-3132
In base 10, what is -436 + -201557?
-201993
In base 8, what is 6711775 - -6?
6712003
In base 2, what is 10100110101 - -100000011?
11000111000
In base 16, what is c3d32 - 3d3?
c395f
In base 15, what is -40005 + -5?
-4000a
In base 2, what is 101000001 + -10001110001011011?
-10001101100011010
In base 15, what is 80bca + 5a?
80c35
In base 12, what is -11134a1 + 0?
-11134a1
In base 9, what is 0 - -352086856?
352086856
In base 15, what is 2ee + -51535?
-51236
In base 5, what is -1 + 111102121202?
111102121201
In base 5, what is -310402213 + -1123?
-310403341
In base 4, what is 221022222223 - -11?
221022222300
In base 16, what is 4 - 26f7cb?
-26f7c7
In base 13, what is 17447b1 + -2?
17447ac
In base 15, what is 21c8b4 - -e?
21c8c3
In base 2, what is 1010000110000 - -101101111010?
1111110101010
In base 11, what is 68632 + -14?
68619
In base 10, what is 3854781 + 11?
3854792
In base 12, what is 1075 - 21a?
a57
In base 2, what is -1110100000100 - -10011011111000?
100111110100
In base 14, what is 21 - -49c7a3?
49c7c4
In base 5, what is 24333031010 + 4?
24333031014
In base 3, what is -111010022 - -11100211212?
10212201120
In base 2, what is 111 + 1010011?
1011010
In base 15, what is a33a + 87?
a3c2
In base 2, what is -110101010101011001 + 11100000011?
-110100111001010110
In base 9, what is -53362 - 12728?
-66201
In base 15, what is -44ee - -6ec?
-3d02
In base 2, what is 11 + 1001001111001111000111?
1001001111001111001010
In base 4, what is 3